{"id":2,"date":"2022-09-07T13:08:08","date_gmt":"2022-09-07T13:08:08","guid":{"rendered":"http:\/\/azugyvedem.superpc.hu\/?page_id=2"},"modified":"2022-09-07T13:41:24","modified_gmt":"2022-09-07T13:41:24","slug":"ez-egy-minta-oldal","status":"publish","type":"page","link":"https:\/\/azugyvedem.hu\/","title":{"rendered":"Inform\u00e1ci\u00f3"},"content":{"rendered":"\n<figure class=\"wp-block-image size-full\"><img loading=\"lazy\" decoding=\"async\" width=\"401\" height=\"231\" src=\"http:\/\/azugyvedem.superpc.hu\/wp-content\/uploads\/2022\/09\/image.png\" alt=\"\" class=\"wp-image-9\" srcset=\"https:\/\/azugyvedem.hu\/wp-content\/uploads\/2022\/09\/image.png 401w, https:\/\/azugyvedem.hu\/wp-content\/uploads\/2022\/09\/image-300x173.png 300w\" sizes=\"auto, (max-width: 401px) 100vw, 401px\" \/><\/figure>\n\n\n\n<p>A megfelel\u0151 \u00fcgyv\u00e9d megtal\u00e1l\u00e1sa sok esetben neh\u00e9zkes \u00e9s id\u0151ig\u00e9nyes feladat. Az ismer\u0151s\u00f6k aj\u00e1nl\u00e1sai \u00e9s a semmit mond\u00f3 szakn\u00e9vsorok alapj\u00e1n szinte lehetetlen megalapozott d\u00f6nt\u00e9st hozni.<\/p>\n\n\n\n<p>A megalapozott d\u00f6nt\u00e9shozatal \u00e9rdek\u00e9ben az \u00fcgyv\u00e9d kiv\u00e1laszt\u00e1sa el\u0151tt fontos inform\u00e1l\u00f3dni az \u00fcgyv\u00e9d szakmai tapasztalatair\u00f3l, szak\u00e9rtelm\u00e9r\u0151l illetve a szakter\u00fcleten szerzett elismerts\u00e9g\u00e9r\u0151l. Tov\u00e1bb\u00e1 nem utols\u00f3 szempont a megb\u00edzhat\u00f3s\u00e1g \u00e9s a megb\u00edz\u00e1si d\u00edjak m\u00e9rt\u00e9ke sem.<\/p>\n\n\n\n<p>A v\u00e1laszt\u00e1st tov\u00e1bb bonyol\u00edtja, hogy sokszor nagyon r\u00f6vid id\u0151n bel\u00fcl kell d\u00f6nten\u00fcnk. A legt\u00f6bb embernek nincs elegend\u0151 jogi ismerete ahhoz, hogy meg\u00edt\u00e9lje egy-egy \u00fcgyv\u00e9d speci\u00e1lis jogter\u00fclteken szerzett tapasztalatait, vagy nincs el\u00e9g ideje, hogy t\u00f6bb \u00fcgyv\u00e9ddel szem\u00e9lyesen konzult\u00e1ljon.<\/p>\n\n\n\n<p>Az \u00dcgyv\u00e9dem rendszer\u00e9n kereszt\u00fcl megkeress\u00fck \u00d6nnek ig\u00e9nyeinek legmegfelel\u0151bb \u00fcgyv\u00e9det.<\/p>\n\n\n\n<p>Amikor egy \u00fcgyf\u00e9l ismerteti eset\u00e9t az Az \u00dcgyv\u00e9dem weboldal\u00e1n, a rendszer hozz\u00e1rendeli az esethez a tag\u00fcgyv\u00e9deket az \u00fcgyf\u00e9l eset\u00e9nek jellegzetess\u00e9gei, az \u00fcgyv\u00e9di tev\u00e9kenys\u00e9g helysz\u00edne \u00e9s szakter\u00fclete alapj\u00e1n.<\/p>\n\n\n\n<p>\u00c9ljen a szolg\u00e1ltat\u00e1s adta lehet\u0151s\u00e9ggel, \u00e9s keressen Az \u00dcgyv\u00e9dem-en kereszt\u00fcl \u00fcgyv\u00e9det!<\/p>\n\n\n\n<p>Ennyire egyszer\u0171.<\/p>\n\n\n\n<p><\/p>\n","protected":false},"excerpt":{"rendered":"<p>A megfelel\u0151 \u00fcgyv\u00e9d megtal\u00e1l\u00e1sa sok esetben neh\u00e9zkes \u00e9s id\u0151ig\u00e9nyes feladat. Az ismer\u0151s\u00f6k aj\u00e1nl\u00e1sai \u00e9s a semmit mond\u00f3 szakn\u00e9vsorok alapj\u00e1n szinte lehetetlen megalapozott d\u00f6nt\u00e9st hozni. A megalapozott d\u00f6nt\u00e9shozatal \u00e9rdek\u00e9ben az \u00fcgyv\u00e9d kiv\u00e1laszt\u00e1sa el\u0151tt fontos inform\u00e1l\u00f3dni az \u00fcgyv\u00e9d szakmai tapasztalatair\u00f3l, szak\u00e9rtelm\u00e9r\u0151l illetve a szakter\u00fcleten szerzett elismerts\u00e9g\u00e9r\u0151l. Tov\u00e1bb\u00e1 nem utols\u00f3 szempont a megb\u00edzhat\u00f3s\u00e1g \u00e9s a megb\u00edz\u00e1si d\u00edjak m\u00e9rt\u00e9ke [&hellip;]<\/p>\n","protected":false},"author":1,"featured_media":0,"parent":0,"menu_order":0,"comment_status":"closed","ping_status":"open","template":"","meta":{"_monsterinsights_skip_tracking":false,"_monsterinsights_sitenote_active":false,"_monsterinsights_sitenote_note":"","_monsterinsights_sitenote_category":0,"footnotes":""},"class_list":["post-2","page","type-page","status-publish","hentry"],"_links":{"self":[{"href":"https:\/\/azugyvedem.hu\/index.php\/wp-json\/wp\/v2\/pages\/2","targetHints":{"allow":["GET"]}}],"collection":[{"href":"https:\/\/azugyvedem.hu\/index.php\/wp-json\/wp\/v2\/pages"}],"about":[{"href":"https:\/\/azugyvedem.hu\/index.php\/wp-json\/wp\/v2\/types\/page"}],"author":[{"embeddable":true,"href":"https:\/\/azugyvedem.hu\/index.php\/wp-json\/wp\/v2\/users\/1"}],"replies":[{"embeddable":true,"href":"https:\/\/azugyvedem.hu\/index.php\/wp-json\/wp\/v2\/comments?post=2"}],"version-history":[{"count":2,"href":"https:\/\/azugyvedem.hu\/index.php\/wp-json\/wp\/v2\/pages\/2\/revisions"}],"predecessor-version":[{"id":11,"href":"https:\/\/azugyvedem.hu\/index.php\/wp-json\/wp\/v2\/pages\/2\/revisions\/11"}],"wp:attachment":[{"href":"https:\/\/azugyvedem.hu\/index.php\/wp-json\/wp\/v2\/media?parent=2"}],"curies":[{"name":"wp","href":"https:\/\/api.w.org\/{rel}","templated":true}]}}